{"id":47,"date":"2022-12-08T22:30:53","date_gmt":"2022-12-08T21:30:53","guid":{"rendered":"https:\/\/jawnaenergia.pl\/?page_id=47"},"modified":"2025-10-01T11:36:55","modified_gmt":"2025-10-01T10:36:55","slug":"audyt-energetyczny","status":"publish","type":"page","link":"https:\/\/jawnaenergia.pl\/index.php\/audyt-energetyczny\/","title":{"rendered":"Audyt energetyczny"},"content":{"rendered":"\n<div class=\"wp-block-columns is-layout-flex wp-container-core-columns-is-layout-9d6595d7 wp-block-columns-is-layout-flex\">\n<div class=\"wp-block-column is-layout-flow wp-block-column-is-layout-flow\" style=\"flex-basis:66.66%\">\n<p class=\"has-large-font-size\"><strong>Audyt energetyczny budynku \u2013 Czyste<\/strong><\/p>\n\n\n\n<p class=\"has-large-font-size\"><strong>Powietrze i premia termomodernizacyjna <\/strong><\/p>\n\n\n\n<p><\/p>\n\n\n\n<p class=\"has-text-align-left has-medium-font-size\"> Audyt energetyczny budynku to profesjonalna analiza stanu technicznego obiektu oraz jego zapotrzebowania na energi\u0119 przed i po planowanej modernizacji. Dokument wskazuje, jak ograniczy\u0107 zu\u017cycie energii oraz jakie rozwi\u0105zania techniczne i finansowe b\u0119d\u0105 najbardziej op\u0142acalne. Wykonali\u015bmy ju\u017c ponad <strong>1500 audyt\u00f3w<\/strong> energetycznych, a nasze opracowania przesz\u0142y setki kontroli WFOSiGW <strong>z wynikiem pozytywnym<\/strong>. Dzi\u0119ki temu masz pewno\u015b\u0107, \u017ce Tw\u00f3j audyt zostanie przygotowany rzetelnie i bez ryzyka odrzucenia w procesie wnioskowania o dotacje.<\/p>\n\n\n\n<p><\/p>\n\n\n<div class=\"wp-block-image\">\n<figure class=\"alignright size-full is-resized\"><img loading=\"lazy\" decoding=\"async\" src=\"https:\/\/jawnaenergia.pl\/wp-content\/uploads\/2025\/10\/audyt.jpg\" alt=\"\" class=\"wp-image-234\" width=\"460\" height=\"444\" srcset=\"https:\/\/jawnaenergia.pl\/wp-content\/uploads\/2025\/10\/audyt.jpg 734w, https:\/\/jawnaenergia.pl\/wp-content\/uploads\/2025\/10\/audyt-300x289.jpg 300w\" sizes=\"auto, (max-width: 460px) 100vw, 460px\" \/><\/figure>\n<\/div><\/div>\n<\/div>\n\n\n\n<p class=\"has-large-font-size\"><strong>Audyt energetyczny Czyste Powietrze \u2013 dlaczego jest tak wa\u017cny?<\/strong><\/p>\n\n\n\n<p><\/p>\n\n\n\n<p class=\"has-medium-font-size\">\u2022 Aby m\u00f3c z\u0142o\u017cy\u0107 wniosek w programie Czyste Powietrze wymagany jest audyt energetyczny<\/p>\n\n\n\n<p class=\"has-medium-font-size\">\u2022 W programie Czyste Powietrze audyt energetyczny jest szczeg\u00f3lnie op\u0142acalny \u2013 mo\u017cesz otrzyma\u0107 do 1200 z\u0142 dofinansowania na jego wykonanie.<\/p>\n\n\n\n<p class=\"has-medium-font-size\">\u2022 Dokument pozwala wskaza\u0107 najbardziej efektywne modernizacje, dzi\u0119ki czemu zwi\u0119kszasz szanse na maksymaln\u0105 dotacj\u0119.<\/p>\n\n\n\n<p class=\"has-medium-font-size\">\u2022 Audyt Czyste Powietrze jest akceptowany przez instytucje finansuj\u0105ce i niezb\u0119dny w przypadku wi\u0119kszego zakresu prac termomodernizacyjnych.<\/p>\n\n\n\n<div style=\"height:39px\" aria-hidden=\"true\" class=\"wp-block-spacer\"><\/div>\n\n\n\n<p><\/p>\n\n\n\n<div class=\"wp-block-columns is-layout-flex wp-container-core-columns-is-layout-9d6595d7 wp-block-columns-is-layout-flex\">\n<div class=\"wp-block-column is-layout-flow wp-block-column-is-layout-flow\">\n<p class=\"has-large-font-size\"><strong>Kiedy audyt energetyczny jest <\/strong><\/p>\n\n\n\n<p class=\"has-large-font-size\"><strong>wymagany?<\/strong><\/p>\n\n\n\n<p><\/p>\n\n\n\n<p class=\"has-medium-font-size\">\u2022 Przed termomodernizacj\u0105 budynku \u2013 aby wskaza\u0107 optymalny zakres prac.<\/p>\n\n\n\n<p class=\"has-medium-font-size\">\u2022 Przy wymianie \u017ar\u00f3d\u0142a ciep\u0142a \u2013 np. pieca w\u0119glowego na pomp\u0119 ciep\u0142a lub inne \u017ar\u00f3d\u0142o ciep\u0142a spe\u0142niaj\u0105ce wymagania programu<\/p>\n\n\n\n<p class=\"has-medium-font-size\">\u2022 Przy ubieganiu si\u0119 o premi\u0119 termomodernizacyjn\u0105 \u2013 nawet 21% zwrotu koszt\u00f3w modernizacji i monta\u017cu mikroinstalacji OZE.<\/p>\n\n\n\n<p class=\"has-medium-font-size\">\u2022 W programie Czyste Powietrze \u2013 jako podstawa do wyliczenia oszcz\u0119dno\u015bci energetycznych i wysoko\u015bci dotacji.<\/p>\n<\/div>\n\n\n\n<div class=\"wp-block-column is-layout-flow wp-block-column-is-layout-flow\">\n<figure class=\"wp-block-image size-full\"><img loading=\"lazy\" decoding=\"async\" width=\"940\" height=\"788\" src=\"https:\/\/jawnaenergia.pl\/wp-content\/uploads\/2025\/10\/Projekt-bez-nazwy-2025-10-01T121950.888.png\" alt=\"\" class=\"wp-image-236\" srcset=\"https:\/\/jawnaenergia.pl\/wp-content\/uploads\/2025\/10\/Projekt-bez-nazwy-2025-10-01T121950.888.png 940w, https:\/\/jawnaenergia.pl\/wp-content\/uploads\/2025\/10\/Projekt-bez-nazwy-2025-10-01T121950.888-300x251.png 300w, https:\/\/jawnaenergia.pl\/wp-content\/uploads\/2025\/10\/Projekt-bez-nazwy-2025-10-01T121950.888-768x644.png 768w\" sizes=\"auto, (max-width: 940px) 100vw, 940px\" \/><\/figure>\n<\/div>\n<\/div>\n\n\n\n<div class=\"wp-block-columns is-layout-flex wp-container-core-columns-is-layout-9d6595d7 wp-block-columns-is-layout-flex\">\n<div class=\"wp-block-column is-layout-flow wp-block-column-is-layout-flow\">\n<figure class=\"wp-block-image size-full is-resized\"><img loading=\"lazy\" decoding=\"async\" src=\"https:\/\/jawnaenergia.pl\/wp-content\/uploads\/2025\/10\/audyt2-2.jpg\" alt=\"\" class=\"wp-image-239\" width=\"428\" height=\"217\" srcset=\"https:\/\/jawnaenergia.pl\/wp-content\/uploads\/2025\/10\/audyt2-2.jpg 316w, https:\/\/jawnaenergia.pl\/wp-content\/uploads\/2025\/10\/audyt2-2-300x152.jpg 300w\" sizes=\"auto, (max-width: 428px) 100vw, 428px\" \/><\/figure>\n<\/div>\n\n\n\n<div class=\"wp-block-column is-layout-flow wp-block-column-is-layout-flow\">\n<p class=\"has-large-font-size\"><strong>Co zawiera audyt energetyczny?<\/strong><\/p>\n\n\n\n<p><\/p>\n\n\n\n<p class=\"has-medium-font-size\">\u2022 analiz\u0119 zapotrzebowania na energi\u0119 w budynku, <\/p>\n\n\n\n<p class=\"has-medium-font-size\">\u2022 warianty modernizacji z por\u00f3wnaniem koszt\u00f3w i efekt\u00f3w, <\/p>\n\n\n\n<p class=\"has-medium-font-size\">\u2022 rekomendacj\u0119 najlepszego rozwi\u0105zania, <\/p>\n\n\n\n<p class=\"has-medium-font-size\">\u2022 dokumentacj\u0119 zgodn\u0105 z wymaganiami program\u00f3w dotacyjnych.<\/p>\n<\/div>\n<\/div>\n\n\n\n<p><\/p>\n\n\n\n<p class=\"has-text-align-center has-large-font-size\"><strong>Postaw na sprawdzone do\u015bwiadczenie<\/strong> <\/p>\n\n\n\n<p><\/p>\n\n\n\n<p class=\"has-medium-font-size\">\u2022 Ponad 1500 wykonanych audyt\u00f3w energetycznych,<\/p>\n\n\n\n<p class=\"has-medium-font-size\"> \u2022 Setki pozytywnie zako\u0144czonych kontroli WFOSiGW,<\/p>\n\n\n\n<p class=\"has-medium-font-size\"> \u2022 Specjalizacja w zakresie audyt\u00f3w energetycznych dla programu<strong> Czyste Powietrze<\/strong> i premii termomodernizacyjnej. <\/p>\n\n\n\n<p class=\"has-medium-font-size\">\ud83d\udc4dDzi\u0119ki naszemu do\u015bwiadczeniu masz pewno\u015b\u0107, \u017ce Tw\u00f3j audyt zostanie wykonany profesjonalnie i zwi\u0119kszy szanse na uzyskanie dofinansowania.<\/p>\n\n\n\n<p><\/p>\n\n\n\n<p class=\"has-medium-font-size\"><\/p>\n\n\n\n<div style=\"height:52px\" aria-hidden=\"true\" class=\"wp-block-spacer\"><\/div>\n\n\n\n<figure class=\"wp-block-image size-large\"><img loading=\"lazy\" decoding=\"async\" width=\"1024\" height=\"512\" src=\"https:\/\/jawnaenergia.pl\/wp-content\/uploads\/2025\/09\/price-start-at-1024x512.png\" alt=\"\" class=\"wp-image-203\" srcset=\"https:\/\/jawnaenergia.pl\/wp-content\/uploads\/2025\/09\/price-start-at-1024x512.png 1024w, https:\/\/jawnaenergia.pl\/wp-content\/uploads\/2025\/09\/price-start-at-300x150.png 300w, https:\/\/jawnaenergia.pl\/wp-content\/uploads\/2025\/09\/price-start-at-768x384.png 768w, https:\/\/jawnaenergia.pl\/wp-content\/uploads\/2025\/09\/price-start-at-1536x768.png 1536w, https:\/\/jawnaenergia.pl\/wp-content\/uploads\/2025\/09\/price-start-at-2048x1024.png 2048w\" sizes=\"auto, (max-width: 1024px) 100vw, 1024px\" \/><\/figure>\n\n\n\n<p><\/p>\n","protected":false},"excerpt":{"rendered":"<p>Audyt energetyczny budynku \u2013 Czyste Powietrze i premia termomodernizacyjna Audyt energetyczny budynku to profesjonalna analiza stanu technicznego obiektu oraz jego zapotrzebowania na energi\u0119 przed i po planowanej modernizacji. Dokument wskazuje, [&hellip;]<\/p>\n","protected":false},"author":1,"featured_media":0,"parent":0,"menu_order":0,"comment_status":"closed","ping_status":"closed","template":"","meta":{"om_disable_all_campaigns":false,"_monsterinsights_skip_tracking":false,"_monsterinsights_sitenote_active":false,"_monsterinsights_sitenote_note":"","_monsterinsights_sitenote_category":0,"footnotes":""},"class_list":["post-47","page","type-page","status-publish","hentry"],"yoast_head":"<!-- This site is optimized with the Yoast SEO plugin v27.4 - https:\/\/yoast.com\/product\/yoast-seo-wordpress\/ -->\n<title>Audyt energetyczny - Jawna Energia<\/title>\n<meta name=\"robots\" content=\"index, follow, max-snippet:-1, max-image-preview:large, max-video-preview:-1\" \/>\n<link rel=\"canonical\" href=\"https:\/\/jawnaenergia.pl\/index.php\/audyt-energetyczny\/\" \/>\n<meta property=\"og:locale\" content=\"pl_PL\" \/>\n<meta property=\"og:type\" content=\"article\" \/>\n<meta property=\"og:title\" content=\"Audyt energetyczny - Jawna Energia\" \/>\n<meta property=\"og:description\" content=\"Audyt energetyczny budynku \u2013 Czyste Powietrze i premia termomodernizacyjna Audyt energetyczny budynku to profesjonalna analiza stanu technicznego obiektu oraz jego zapotrzebowania na energi\u0119 przed i po planowanej modernizacji. Dokument wskazuje, [&hellip;]\" \/>\n<meta property=\"og:url\" content=\"https:\/\/jawnaenergia.pl\/index.php\/audyt-energetyczny\/\" \/>\n<meta property=\"og:site_name\" content=\"Jawna Energia\" \/>\n<meta property=\"article:modified_time\" content=\"2025-10-01T10:36:55+00:00\" \/>\n<meta property=\"og:image\" content=\"https:\/\/jawnaenergia.pl\/wp-content\/uploads\/2025\/10\/audyt.jpg\" \/>\n<meta name=\"twitter:card\" content=\"summary_large_image\" \/>\n<meta name=\"twitter:label1\" content=\"Szacowany czas czytania\" \/>\n\t<meta name=\"twitter:data1\" content=\"2 minuty\" \/>\n<script type=\"application\/ld+json\" class=\"yoast-schema-graph\">{\"@context\":\"https:\\\/\\\/schema.org\",\"@graph\":[{\"@type\":\"WebPage\",\"@id\":\"https:\\\/\\\/jawnaenergia.pl\\\/index.php\\\/audyt-energetyczny\\\/\",\"url\":\"https:\\\/\\\/jawnaenergia.pl\\\/index.php\\\/audyt-energetyczny\\\/\",\"name\":\"Audyt energetyczny - Jawna Energia\",\"isPartOf\":{\"@id\":\"https:\\\/\\\/jawnaenergia.pl\\\/#website\"},\"primaryImageOfPage\":{\"@id\":\"https:\\\/\\\/jawnaenergia.pl\\\/index.php\\\/audyt-energetyczny\\\/#primaryimage\"},\"image\":{\"@id\":\"https:\\\/\\\/jawnaenergia.pl\\\/index.php\\\/audyt-energetyczny\\\/#primaryimage\"},\"thumbnailUrl\":\"https:\\\/\\\/jawnaenergia.pl\\\/wp-content\\\/uploads\\\/2025\\\/10\\\/audyt.jpg\",\"datePublished\":\"2022-12-08T21:30:53+00:00\",\"dateModified\":\"2025-10-01T10:36:55+00:00\",\"breadcrumb\":{\"@id\":\"https:\\\/\\\/jawnaenergia.pl\\\/index.php\\\/audyt-energetyczny\\\/#breadcrumb\"},\"inLanguage\":\"pl-PL\",\"potentialAction\":[{\"@type\":\"ReadAction\",\"target\":[\"https:\\\/\\\/jawnaenergia.pl\\\/index.php\\\/audyt-energetyczny\\\/\"]}]},{\"@type\":\"ImageObject\",\"inLanguage\":\"pl-PL\",\"@id\":\"https:\\\/\\\/jawnaenergia.pl\\\/index.php\\\/audyt-energetyczny\\\/#primaryimage\",\"url\":\"https:\\\/\\\/jawnaenergia.pl\\\/wp-content\\\/uploads\\\/2025\\\/10\\\/audyt.jpg\",\"contentUrl\":\"https:\\\/\\\/jawnaenergia.pl\\\/wp-content\\\/uploads\\\/2025\\\/10\\\/audyt.jpg\",\"width\":734,\"height\":708},{\"@type\":\"BreadcrumbList\",\"@id\":\"https:\\\/\\\/jawnaenergia.pl\\\/index.php\\\/audyt-energetyczny\\\/#breadcrumb\",\"itemListElement\":[{\"@type\":\"ListItem\",\"position\":1,\"name\":\"Strona g\u0142\u00f3wna\",\"item\":\"https:\\\/\\\/jawnaenergia.pl\\\/\"},{\"@type\":\"ListItem\",\"position\":2,\"name\":\"Audyt energetyczny\"}]},{\"@type\":\"WebSite\",\"@id\":\"https:\\\/\\\/jawnaenergia.pl\\\/#website\",\"url\":\"https:\\\/\\\/jawnaenergia.pl\\\/\",\"name\":\"Jawna Energia\",\"description\":\"Doradztwo energetyczne\",\"potentialAction\":[{\"@type\":\"SearchAction\",\"target\":{\"@type\":\"EntryPoint\",\"urlTemplate\":\"https:\\\/\\\/jawnaenergia.pl\\\/?s={search_term_string}\"},\"query-input\":{\"@type\":\"PropertyValueSpecification\",\"valueRequired\":true,\"valueName\":\"search_term_string\"}}],\"inLanguage\":\"pl-PL\"}]}<\/script>\n<!-- \/ Yoast SEO plugin. -->","yoast_head_json":{"title":"Audyt energetyczny - Jawna Energia","robots":{"index":"index","follow":"follow","max-snippet":"max-snippet:-1","max-image-preview":"max-image-preview:large","max-video-preview":"max-video-preview:-1"},"canonical":"https:\/\/jawnaenergia.pl\/index.php\/audyt-energetyczny\/","og_locale":"pl_PL","og_type":"article","og_title":"Audyt energetyczny - Jawna Energia","og_description":"Audyt energetyczny budynku \u2013 Czyste Powietrze i premia termomodernizacyjna Audyt energetyczny budynku to profesjonalna analiza stanu technicznego obiektu oraz jego zapotrzebowania na energi\u0119 przed i po planowanej modernizacji. Dokument wskazuje, [&hellip;]","og_url":"https:\/\/jawnaenergia.pl\/index.php\/audyt-energetyczny\/","og_site_name":"Jawna Energia","article_modified_time":"2025-10-01T10:36:55+00:00","og_image":[{"url":"https:\/\/jawnaenergia.pl\/wp-content\/uploads\/2025\/10\/audyt.jpg","type":"","width":"","height":""}],"twitter_card":"summary_large_image","twitter_misc":{"Szacowany czas czytania":"2 minuty"},"schema":{"@context":"https:\/\/schema.org","@graph":[{"@type":"WebPage","@id":"https:\/\/jawnaenergia.pl\/index.php\/audyt-energetyczny\/","url":"https:\/\/jawnaenergia.pl\/index.php\/audyt-energetyczny\/","name":"Audyt energetyczny - Jawna Energia","isPartOf":{"@id":"https:\/\/jawnaenergia.pl\/#website"},"primaryImageOfPage":{"@id":"https:\/\/jawnaenergia.pl\/index.php\/audyt-energetyczny\/#primaryimage"},"image":{"@id":"https:\/\/jawnaenergia.pl\/index.php\/audyt-energetyczny\/#primaryimage"},"thumbnailUrl":"https:\/\/jawnaenergia.pl\/wp-content\/uploads\/2025\/10\/audyt.jpg","datePublished":"2022-12-08T21:30:53+00:00","dateModified":"2025-10-01T10:36:55+00:00","breadcrumb":{"@id":"https:\/\/jawnaenergia.pl\/index.php\/audyt-energetyczny\/#breadcrumb"},"inLanguage":"pl-PL","potentialAction":[{"@type":"ReadAction","target":["https:\/\/jawnaenergia.pl\/index.php\/audyt-energetyczny\/"]}]},{"@type":"ImageObject","inLanguage":"pl-PL","@id":"https:\/\/jawnaenergia.pl\/index.php\/audyt-energetyczny\/#primaryimage","url":"https:\/\/jawnaenergia.pl\/wp-content\/uploads\/2025\/10\/audyt.jpg","contentUrl":"https:\/\/jawnaenergia.pl\/wp-content\/uploads\/2025\/10\/audyt.jpg","width":734,"height":708},{"@type":"BreadcrumbList","@id":"https:\/\/jawnaenergia.pl\/index.php\/audyt-energetyczny\/#breadcrumb","itemListElement":[{"@type":"ListItem","position":1,"name":"Strona g\u0142\u00f3wna","item":"https:\/\/jawnaenergia.pl\/"},{"@type":"ListItem","position":2,"name":"Audyt energetyczny"}]},{"@type":"WebSite","@id":"https:\/\/jawnaenergia.pl\/#website","url":"https:\/\/jawnaenergia.pl\/","name":"Jawna Energia","description":"Doradztwo energetyczne","potentialAction":[{"@type":"SearchAction","target":{"@type":"EntryPoint","urlTemplate":"https:\/\/jawnaenergia.pl\/?s={search_term_string}"},"query-input":{"@type":"PropertyValueSpecification","valueRequired":true,"valueName":"search_term_string"}}],"inLanguage":"pl-PL"}]}},"_hostinger_reach_plugin_has_subscription_block":false,"_hostinger_reach_plugin_is_elementor":false,"_links":{"self":[{"href":"https:\/\/jawnaenergia.pl\/index.php\/wp-json\/wp\/v2\/pages\/47","targetHints":{"allow":["GET"]}}],"collection":[{"href":"https:\/\/jawnaenergia.pl\/index.php\/wp-json\/wp\/v2\/pages"}],"about":[{"href":"https:\/\/jawnaenergia.pl\/index.php\/wp-json\/wp\/v2\/types\/page"}],"author":[{"embeddable":true,"href":"https:\/\/jawnaenergia.pl\/index.php\/wp-json\/wp\/v2\/users\/1"}],"replies":[{"embeddable":true,"href":"https:\/\/jawnaenergia.pl\/index.php\/wp-json\/wp\/v2\/comments?post=47"}],"version-history":[{"count":7,"href":"https:\/\/jawnaenergia.pl\/index.php\/wp-json\/wp\/v2\/pages\/47\/revisions"}],"predecessor-version":[{"id":242,"href":"https:\/\/jawnaenergia.pl\/index.php\/wp-json\/wp\/v2\/pages\/47\/revisions\/242"}],"wp:attachment":[{"href":"https:\/\/jawnaenergia.pl\/index.php\/wp-json\/wp\/v2\/media?parent=47"}],"curies":[{"name":"wp","href":"https:\/\/api.w.org\/{rel}","templated":true}]}}